+ 682739. What is u(649)?
-9
Let k(j) = 3*j**3 - 188*j**2 - 231*j + 35. Calculate k(64).
1635
Let p(t) = 140104*t - 14430708. Calculate p(103).
4
Let x(q) = q**3 - 23*q**2 - 11524*q - 9566. Calculate x(-96).
34
Let a(g) = -165*g + 6798. Determine a(41).
33
Let r(h) = -2*h**2 + 1632*h - 31834. Give r(20).
6
Let p(h) = -356*h**3 + 3*h**2 + 5*h - 6. What is p(1)?
-354
Let t(y) = -y**2 - 230*y - 2318. Calculate t(-11).
91
Let s(h) = -3*h**3 - 167*h**2 - 484*h - 14. Calculate s(-3).
16
Let j(o) = 13*o**2 - 33*o + 238. What is j(8)?
806
Let g(c) = 1670*c - 50105. Give g(30).
-5
Let q(y) = 2819*y - 214263. Calculate q(76).
-19
Let j(i) = -i**3 + 10*i**2 + 2550*i + 1460. Give j(56).
4
Let h(m) = -4*m**2 + 4036*m + 48478. Determine h(-12).
-530
Let r(g) = -252*g**2 + 2063*g - 123. What is r(8)?
253
Let n(i) = i**2 + 1275*i - 45851. Give n(35).
-1
Let q(o) = 772*o**2 - 17756*o - 6. What is q(23)?
-6
Let u(w) = w**3 - 40*w**2 + 823*w - 7340. Determine u(17).
4
Let y(p) = -63*p**2 - 558*p + 107. Determine y(-9).
26
Let f(m) = -m**2 + 9*m - 178. What is f(17)?
-314
Let c(g) = -2*g**3 - 9*g**2 - 7*g - 137. Determine c(-4).
-125
Let r(k) = 3*k**2 - 55381*k - 1942031. What is r(-35)?
-21
Let j(o) = o**2 - 4774*o + 38133. What is j(8)?
5
Let i(j) = 3738*j - 17914. Calculate i(5).
776
Let v(t) = 11*t**2 + 434*t + 1740. What is v(-4)?
180
Let s(f) = -12*f**3 - 7*f**2 + 232*f - 864. Give s(4).
-816
Let q(b) = -11726*b + 23384. Calculate q(2).
-68
Let t(x) = -113*x**2 + 1181*x + 674. Give t(11).
-8
Let g(t) = -t**2 - 481*t + 3478. Give g(7).
62
Let p(v) = -v**2 + 1397*v + 223595. What is p(-145)?
5
Let k(v) = -30468*v + 152335. Determine k(5).
-5
Let t(r) = -23998*r + 167962. Calculate t(7).
-24
Let x(v) = 338*v**3 - 424*v + 428. Determine x(1).
342
Let b(a) = 4372*a - 26188. What is b(6)?
44
Let w(j) = -202*j + 6916. What is w(31)?
654
Let t(i) = 2*i**2 + 2670*i + 522181. Give t(-238).
9
Let w(n) = 2*n**3 + 1555*n**2 - 9395*n - 37. What is w(6)?
5
Let u(r) = -247*r**2 + 497*r - 6. Give u(2).
0
Let g(d) = -898*d - 91682. Determine g(-101).
-984
Let f(a) = -3*a**2 - 149*a + 21459. What is f(-113)?
-11
Let l(q) = 293*q + 55795. Determine l(-188).
711
Let r(o) = 7*o**2 - 193*o + 1372. Give r(14).
42
Let c(n) = -34*n + 136. Give c(4).
0
Let f(j) = j**3 - 242*j**2 - 9*j - 56714. Determine f(243).
148
Let h(z) = z**3 - 71*z**2 - 1173*z + 7. Determine h(0).
7
Let w(k) = 10896*k + 109101. Give w(-10).
141
Let s(p) = -p**3 + 35*p**2 + 1123*p - 26249. Calculate s(47).
24
Let p(g) = g**3 - 79*g**2 + 1396*g + 335. What is p(52)?
-81
Let i(j) = 44*j + 5929. Give i(-139).
-187
Let l(o) = 1612*o + 5441. What is l(-3)?
605
Let k(r) = -85*r**3 - 25*r**2 - 59*r + 59. What is k(1)?
-110
Let q(r) = 791*r + 92864. Give q(-118).
-474
Let r(t) = t**3 + 3*t**2 - 5412*t + 26818. What is r(5)?
-42
Let m(w) = -902*w**2 + 6327*w + 102. Give m(7).
193
Let f(a) = a**3 - 20*a**2 + 60*a + 346. Give f(14).
10
Let u(l) = -2*l**3 - 42*l**2 - 190*l - 50. Give u(-8).
-194
Let r(s) = 3*s**2 + 49*s - 27. Give r(2).
83
Let k(n) = -109*n - 28190. What is k(-263)?
477
Let z(y) = 189*y - 26813. Calculate z(142).
25
Let k(p) = -p**3 - 14*p**2 + 145*p - 149. Give k(-21).
-107
Let g(m) = -17*m**3 + 9*m**2 + 576*m - 1774. Determine g(3).
-424
Let t(j) = 6*j**2 + 1421*j - 4310. Determine t(3).
7
Let b(q) = -18*q**2 + 2579*q - 28945. Give b(131).
6
Let f(x) = -4*x**2 + 229*x - 1277. What is f(56)?
-997
Let b(c) = -759*c**2 + 182916*c + 767. What is b(241)?
44
Let m(h) = h**3 - 46*h**2 + 299*h - 13750. Determine m(46).
4
Let i(v) = 1315*v - 100172. Determine i(76).
-232
Let b(u) = -9*u**3 - 647*u**2 + 58*u + 44. Calculate b(-72).
1052
Let q(i) = -4984*i + 169407. Give q(34).
-49
Let m(q) = -2*q**3 + 60*q**2 + 218*q - 4838. Determine m(31).
-2
Let s(b) = 8*b**2 + 291*b + 3703. Calculate s(-13).
1272
Let u(k) = k**3 + 6*k**2 + 777*k + 4682. Calculate u(-6).
20
Let w(u) = 8*u**3 - 93*u**2 + 19*u - 16. Give w(11).
-412
Let l(s) = -s**2 - 203*s + 7817. Determine l(41).
-2187
Let a(i) = i**2 - 51*i - 267. Determine a(59).
205
Let u(w) = -2*w**2 + 760205*w + 9883007. What is u(-13)?
4
Let g(q) = -3751*q + 78830. Give g(21).
59
Let t(c) = -703*c**2 - 84*c + 90. Give t(1).
-697
Let k(s) = 9285*s - 1996308. Give k(215).
-33
Let j(t) = -t**3 + 21*t**2 + 4018*t - 69486. Determine j(17).
-24
Let w(u) = u**2 + 4757*u - 293837. Determine w(61).
61
Let n(j) = 7*j**2 + 631*j + 5489. Determine n(-83).
1339
Let k(h) = -h**3 + 133*h**2 - 48*h + 10470. Calculate k(133).
4086
Let n(b) = 2386*b + 14070. Determine n(-6).
-246
Let u(c) = -5*c**2 - 4671*c - 41575. Give u(-9).
59
Let w(o) = -2*o**3 - 17*o**2 + 228*o - 1525. Give w(7).
-1448
Let l(v) = 3716*v - 928991. What is l(250)?
9
Let d(u) = -2*u**3 - 147*u**2 - 216*u - 301. Determine d(-72).
-301
Let y(g) = -5*g**3 + 21*g**2 - 243*g + 1773. Calculate y(6).
-9
Let x(a) = -a**3 - 21*a**2 - 111*a - 1867. Calculate x(-20).
-47
Let o(l) = 8600*l + 8546. Give o(-1).
-54
Let f(z) = -1139*z + 8242. What is f(6)?
1408
Let j(r) = -r**2 + 10525*r + 84232. Calculate j(-8).
-32
Let o(j) = 816*j**2 - 9876*j + 1009. Determine o(12).
1
Let c(i) = -i**2 + 29*i + 316. Give c(-10).
-74
Let a(f) = 3896*f - 210409. What is a(54)?
-25
Let s(x) = 95*x - 4575. Calculate s(59).
1030
Let m(q) = -39071*q - 2109873. What is m(-54)?
-39
Let u(l) = -2642*l - 58109. Give u(-22).
15
Let b(r) = -8*r**2 - 860*r + 199. Calculate b(-107).
627
Let u(v) = -4213*v + 159940. Give u(38).
-154
Let d(o) = -90*o**3 + 2*o**2 + 2400*o - 4805. What is d(2)?
-717
Let s(f) = -313*f**3 - 4*f**2 + 306*f + 307. Give s(-1).
310
Let j(x) = 60012*x - 240029. What is j(4)?
19
Let m(z) = -12221*z - 48081. Determine m(-4).
803
Let d(u) = -8173*u - 735581. Determine d(-90).
-11
Let i(g) = g**3 - 17*g**2 + 74*g - 659. What is i(16)?
269
Let s(a) = -486*a + 4134. What is s(15)?
-3156
Let t(b) = b**2 + 139*b - 7935. Give t(43).
-109
Let m(i) = 68*i**2 - 2991*i - 5982. What is m(-2)?
272
Let r(d) = -3*d**3 + 90*d**2 - 270*d + 686. Determine r(27).
-43
Let u(m) = -3*m**3 - 71*m**2 + 46*m + 1265. Give u(-24).
737
Let u(b) = 3*b**2 + 113*b - 6380. Determine u(-68).
-192
Let m(c) = -c**2 - 2979*c - 451078. Give m(-160).
-38
Let h(k) = 23451*k + 3189328. Determine h(-136).
-8
Let k(u) = -666838*u + 1333703. Give k(2).
27
Let j(v) = v**3 - 198*v**2 + 8186*v + 2087. Give j(139).
2
Let u(r) = -407*r + 8302. Calculate u(19).
569
Let l(k) = -2582*k - 268543. Determine l(-104).
-15
Let z(n) = -825*n + 2679. Give z(4).
-621
Let h(y) = 77*y**2 - 167*y - 1230. Calculate h(-6).
2544
Let f(q) = 281*q + 12188. Determine f(-42).
386
Let x(y) = -y**2 + 2237*y + 77217. What is x(-34)?
3
Let n(k) = -604*k + 558. What is n(1)?
-46
Let x(r) = r**3 - 343*r**2 + 27997*r + 1833. Determine x(209).
-48
Let t(m) = 2*m**2 - 1797*m + 5369. Give t(3).
-4
Let t(f) = f**3 + 100*f**2 - 207*f + 36. What is t(-102)?
342
Let v(y) = -y**2 + 668*y + 14650. What is v(-21)?
181
Let v(p) = 10*p**2 - 1117*p - 12. Give v(112).
324
Let s(m) = -2*m**3 - 110*m**2 - 1483*m + 523. Give s(-30).
13
Let a(s) = s**3 + 25*s**2 + 23*s - 555. Give a(-23).
-26
Let b(w) = -422*w - 7407. Give b(-21).
1455
Let x(u) = -21*u**2 + 2760*u - 32332. What is x(13)?
-1
Let u(i) = 2*i**2 + 42*i - 15. Determine u(4).
185
Let u(w) = -w**3 + 31*w**2 + 363*w + 126. Give u(40).
246
Let p(f) = -29*f**2 + 84*f - 164. Determine p(2).
-112
Let k(b) = -2*b**3 - 20*b**2 - 177*b - 773. What is k(-6)?
1
Let a(f) = 5*f**2 - 4795*f - 28962. Give a(-6).
-12
Let d(b) = -2*b**3 - 78*b**2 + 138*b + 339. What is d(-41)?
1405
Let w(z) = -26*z**2 + 559*z - 39. Give w(24).
-1599
Let i(q) = 1013*q - 180189. What is i(178)?
125
Let t(j) = 2*j**3 + 320*j**2 + 322*j + 640. Give t(-159).
4
Let m(l) = l**3 + 71*l**2 - 204*l - 4250. Determine m(-73).
-16
Let f(m) = m**3 - 19*m**2 - 81*m + 1216. Determine f(20).
-4
Let t(f) = -122*f**2 - 1761*f + 7034. Calculate t(4).
-1962
Let m(u) = -88972*u + 4537570. Determine m(51).
-2
Let y(i) = -2723*i - 2736. Calculate y(-1).
-13
Let l(x) = -2*x**3 + 110*x**2 + 478*x - 355. Calculate l(59).
-1
Let x(j) = 1563081*j + 4689241. Give x(-3).
-2
Let i(y) = -2*y**2 - 522*y + 41587. Give i(64).
-13
Let j(d) = -44*d - 2840. Determine j(-53).
-508
Let g(n) = -n**3 - 29*n**2 - 225*n + 175. Calculate g(-15).
4